{"id":33,"date":"2022-02-21T11:10:56","date_gmt":"2022-02-21T10:10:56","guid":{"rendered":"http:\/\/mkl48.fr\/?page_id=33"},"modified":"2022-09-02T14:27:29","modified_gmt":"2022-09-02T12:27:29","slug":"nous-contacter","status":"publish","type":"page","link":"https:\/\/mkl48.fr\/?page_id=33","title":{"rendered":"Nous contacter"},"content":{"rendered":"<div class=\"wp-block-image\">\n<figure class=\"aligncenter size-full\"><img loading=\"lazy\" decoding=\"async\" width=\"285\" height=\"285\" src=\"https:\/\/mkl48.fr\/wp-content\/uploads\/2022\/02\/logo-mkl.png\" alt=\"Logo Mende Kayak Loz\u00e8re\" class=\"wp-image-16\" srcset=\"https:\/\/mkl48.fr\/wp-content\/uploads\/2022\/02\/logo-mkl.png 285w, https:\/\/mkl48.fr\/wp-content\/uploads\/2022\/02\/logo-mkl-150x150.png 150w\" sizes=\"auto, (max-width: 285px) 100vw, 285px\" \/><\/figure>\n<\/div>\n\n\n<p>Pour nous contacter :<\/p>\n\n\n\n<ul class=\"wp-block-list\"><li>T\u00e9l\u00e9phone : 0677627758 (Jean-Paul)<\/li><li>M\u00e9l : mendekayak48@gmail.com<\/li><\/ul>\n","protected":false},"excerpt":{"rendered":"<p>Pour nous contacter : T\u00e9l\u00e9phone : 0677627758 (Jean-Paul) M\u00e9l : mendekayak48@gmail.com<\/p>\n","protected":false},"author":2,"featured_media":0,"parent":0,"menu_order":0,"comment_status":"closed","ping_status":"closed","template":"","meta":{"footnotes":""},"class_list":["post-33","page","type-page","status-publish","hentry","entry"],"_links":{"self":[{"href":"https:\/\/mkl48.fr\/index.php?rest_route=\/wp\/v2\/pages\/33","targetHints":{"allow":["GET"]}}],"collection":[{"href":"https:\/\/mkl48.fr\/index.php?rest_route=\/wp\/v2\/pages"}],"about":[{"href":"https:\/\/mkl48.fr\/index.php?rest_route=\/wp\/v2\/types\/page"}],"author":[{"embeddable":true,"href":"https:\/\/mkl48.fr\/index.php?rest_route=\/wp\/v2\/users\/2"}],"replies":[{"embeddable":true,"href":"https:\/\/mkl48.fr\/index.php?rest_route=%2Fwp%2Fv2%2Fcomments&post=33"}],"version-history":[{"count":4,"href":"https:\/\/mkl48.fr\/index.php?rest_route=\/wp\/v2\/pages\/33\/revisions"}],"predecessor-version":[{"id":95,"href":"https:\/\/mkl48.fr\/index.php?rest_route=\/wp\/v2\/pages\/33\/revisions\/95"}],"wp:attachment":[{"href":"https:\/\/mkl48.fr\/index.php?rest_route=%2Fwp%2Fv2%2Fmedia&parent=33"}],"curies":[{"name":"wp","href":"https:\/\/api.w.org\/{rel}","templated":true}]}}