{"id":74,"date":"2022-09-02T13:45:37","date_gmt":"2022-09-02T11:45:37","guid":{"rendered":"https:\/\/mkl48.fr\/?page_id=74"},"modified":"2025-09-04T14:17:05","modified_gmt":"2025-09-04T12:17:05","slug":"tarifs","status":"publish","type":"page","link":"https:\/\/mkl48.fr\/?page_id=74","title":{"rendered":"Les tarifs"},"content":{"rendered":"\n<p>Les adh\u00e9sions sont valables de janvier \u00e0 d\u00e9cembres (12 mois) :<\/p>\n\n\n\n<ul class=\"wp-block-list\">\n<li>110\u20ac pour les adultes<\/li>\n\n\n\n<li>60\u20ac pour les enfants (&lt;18 ans)<\/li>\n<\/ul>\n\n\n\n<p>En cas de primo adh\u00e9sion, de septembre \u00e0 d\u00e9cembre de l&rsquo;ann\u00e9e suivante (16 mois) :<\/p>\n\n\n\n<ul class=\"wp-block-list\">\n<li>160\u20ac pour les adultes<\/li>\n\n\n\n<li>80\u20ac pour les enfants (&lt; 18 ans)<\/li>\n<\/ul>\n\n\n\n<p> <a href=\"https:\/\/mkl48.fr\/wp-content\/uploads\/2025\/09\/Fiche-Inscription_2025-26.pdf\" data-type=\"link\" data-id=\"https:\/\/mkl48.fr\/wp-content\/uploads\/2025\/09\/Fiche-Inscription_2025-26.pdf\">La fiche d&rsquo;inscription pour la saison 2025-2026<\/a><\/p>\n\n\n\n<p><\/p>\n","protected":false},"excerpt":{"rendered":"<p>Les adh\u00e9sions sont valables de janvier \u00e0 d\u00e9cembres (12 mois) : En cas de primo adh\u00e9sion, de septembre \u00e0 d\u00e9cembre de l&rsquo;ann\u00e9e suivante (16 mois)&#8230;<\/p>\n<div class=\"more-link-wrapper\"><a class=\"more-link\" href=\"https:\/\/mkl48.fr\/?page_id=74\">Lire la suite&#8230;<span class=\"screen-reader-text\">Les tarifs<\/span><\/a><\/div>\n","protected":false},"author":2,"featured_media":0,"parent":0,"menu_order":0,"comment_status":"closed","ping_status":"closed","template":"","meta":{"footnotes":""},"class_list":["post-74","page","type-page","status-publish","hentry","entry"],"_links":{"self":[{"href":"https:\/\/mkl48.fr\/index.php?rest_route=\/wp\/v2\/pages\/74","targetHints":{"allow":["GET"]}}],"collection":[{"href":"https:\/\/mkl48.fr\/index.php?rest_route=\/wp\/v2\/pages"}],"about":[{"href":"https:\/\/mkl48.fr\/index.php?rest_route=\/wp\/v2\/types\/page"}],"author":[{"embeddable":true,"href":"https:\/\/mkl48.fr\/index.php?rest_route=\/wp\/v2\/users\/2"}],"replies":[{"embeddable":true,"href":"https:\/\/mkl48.fr\/index.php?rest_route=%2Fwp%2Fv2%2Fcomments&post=74"}],"version-history":[{"count":10,"href":"https:\/\/mkl48.fr\/index.php?rest_route=\/wp\/v2\/pages\/74\/revisions"}],"predecessor-version":[{"id":150,"href":"https:\/\/mkl48.fr\/index.php?rest_route=\/wp\/v2\/pages\/74\/revisions\/150"}],"wp:attachment":[{"href":"https:\/\/mkl48.fr\/index.php?rest_route=%2Fwp%2Fv2%2Fmedia&parent=74"}],"curies":[{"name":"wp","href":"https:\/\/api.w.org\/{rel}","templated":true}]}}